common factor of 11 and g?
11
Suppose 17*r - 16*r - 15 = 0. What is the greatest common factor of r and 12?
3
Let g(a) = -5*a**2 + a - 1. Let v be (-1)/(-3) + (-6)/(-9). Let y be g(v). Let f = -1 - y. What is the greatest common divisor of 12 and f?
4
Let s be (-20)/8 - 87/(-6). Suppose -4*d - 1 = -c, d + 3*c = 3*d + 3. Suppose -4*z + 22 + 50 = d. Calculate the greatest common divisor of z and s.
6
Let u(q) = q + 2. Let w be (-8)/(-10)*15/2. Let f be u(w). Calculate the greatest common factor of f and 2.
2
Let w(u) = u**2 - u - 2. Let s be w(-2). Suppose -s*h - 15 = -43. What is the highest common divisor of 77 and h?
7
Let s be 1 + ((-15)/(-1) - -1). What is the greatest common factor of 119 and s?
17
Let t(z) = 34*z**2 + 3*z + 2. Let m be t(-1). Calculate the highest common factor of 11 and m.
11
Suppose 5*d + 5*w - 505 = 0, -w - 481 = -5*d + 2*w. What is the highest common factor of 14 and d?
14
Suppose -2*o = -0*o + 2. Let u(t) = 11*t**2 - 2*t - 1. Let m be u(o). What is the highest common divisor of m and 132?
12
Suppose -3*s = -2*f - 677, -2*s + 895 = 2*s + 5*f. What is the highest common divisor of 25 and s?
25
Suppose -5*d = l - 24 - 9, -l - 4*d = -33. Calculate the highest common divisor of 3 and l.
3
Suppose 3*h - 1 = 4*y, 0*h - 1 = -5*y + 3*h. Suppose 15 = b + 5*z, -b + y = 4*z - 16. What is the greatest common divisor of 6 and b?
6
Let r be (24 - (-1 + -3)) + -1. What is the highest common divisor of r and 18?
9
Let u be (-2)/6 + (-21)/(-9). Suppose 0 = -v, u*v - 3 = 4*m - m. Let l be -1*m*(2 - 1). Calculate the highest common divisor of 3 and l.
1
Let h = -12 - -6. Let k be 1/(-2)*h*15. What is the greatest common divisor of 5 and k?
5
Let d be 2/((3/1)/(-6)). Let t = d - -4. Suppose t = 4*w - 4*i - 48, 2*w + i = -3*i. Calculate the highest common factor of 12 and w.
4
Let j = 1 + 1. Suppose -j*p - 2*p + 76 = 0. Let n = 174 - 98. Calculate the greatest common factor of n and p.
19
Let n(g) = 6*g - 1. Suppose 6 = 5*t - 2*t. Let w be n(t). What is the highest common divisor of 77 and w?
11
Let a = -12 - -36. Let n = 24 - 38. Let k be n/(-70) + (-299)/(-5). What is the highest common factor of a and k?
12
Let v = 218 + -140. What is the highest common divisor of v and 39?
39
Let p be (-325)/(-45) - (-2)/(-9). Let r = 67 + -39. What is the highest common factor of p and r?
7
Suppose 0 = -5*u + g + 24, u - 3*u + 4 = g. Suppose -270 = 2*n - u*n. Let t be (-77)/(-5) + 4/(-10). What is the greatest common factor of t and n?
15
Let r = 26 - -37. Suppose 0 = 5*u + 6 - 21. Suppose 0*p = p + 3*s - 9, 4*s = -u*p + 27. What is the highest common divisor of r and p?
9
Suppose 13*r - 52 = 169. What is the greatest common factor of r and 85?
17
Suppose -2*w + 8 = -2. What is the highest common factor of w and 25?
5
Suppose -2*k + 4 + 0 = 0. Let j be (-465)/(-27) - k/9. Calculate the greatest common factor of j and 17.
17
Let r(t) = 14*t. Let k be r(1). Let l(f) = f**2 - 9*f + 4. Let j be l(10). What is the greatest common divisor of k and j?
14
Let i be (-408)/(-60) + (-1)/(-5). Let d be (-1)/4 - (-394)/8. Calculate the highest common divisor of d and i.
7
Let c be 1/4*66*4/1. What is the highest common divisor of c and 6?
6
Let x = -56 - -184. Calculate the greatest common divisor of 96 and x.
32
Let z(b) = 4*b - 10. Let v be z(5). What is the highest common factor of v and 110?
10
Let j(y) = -y + 7. Let a be j(5). Suppose -45 = -a*t - 11. What is the greatest common divisor of 187 and t?
17
Let v = 34 - 30. Let g be v/(-6)*(-21)/2. Let x(y) = -11*y - 1. Let z be x(-2). Calculate the greatest common divisor of g and z.
7
Let o = -6 - -28. Suppose 2*q + 5*m - 8*m = 484, -3*m = 0. Calculate the greatest common factor of o and q.
22
Suppose 3*x - 6*i = -i + 87, 0 = -i - 3. Suppose 4*u + x = 68. What is the greatest common factor of 22 and u?
11
Let i(u) = 4*u**2 - 10*u + 6. Let f be i(4). Calculate the greatest common factor of f and 3.
3
Suppose 119 = 5*n - 286. Let j = n + -24. What is the greatest common factor of 19 and j?
19
Let y(i) = 4*i**2 + 3*i**2 - 4*i**2 + 1 - 4*i**2. Let c be y(1). Suppose c = 5*l - 4 - 26. Calculate the greatest common factor of 15 and l.
3
Let n = 39 + -26. Suppose -3*l + 8*l - 585 = 0. Calculate the highest common factor of n and l.
13
Let i be 1088/26 + (-6)/(-39). Suppose -5*y = -3*m - 150, i = y - 0*y - 3*m. Calculate the greatest common divisor of 3 and y.
3
Let m be -2 + 2 - (-360)/3. Suppose -2*z - m = -6*z. Calculate the highest common divisor of z and 45.
15
Let f = 9 + 7. Calculate the greatest common divisor of f and 2.
2
Let f = 3 - 2. Let v = -10 + 4. Let z = v + 9. Calculate the highest common divisor of z and f.
1
Suppose 0*t + 14 = 2*t. Suppose 0*m + 12 = 2*m. Let y be (2 - 44)*m/(-9). What is the greatest common divisor of y and t?
7
Let l(d) = -26*d + 4. Let f(t) = -51*t + 8. Let m(j) = -3*f(j) + 5*l(j). Let y be m(4). Calculate the greatest common factor of 8 and y.
8
Suppose 0 = i + 2 - 93. Let r = 19 + -6. What is the highest common divisor of i and r?
13
Suppose 0 = -z - 137 + 410. Suppose -4*d + 5*u = -z, 3*d - 6*d + u + 213 = 0. Calculate the greatest common divisor of 18 and d.
18
Let z be (0 - (-10)/6)*33. Let m be -2 - -1 - (-21 - 2). What is the highest common factor of m and z?
11
Let j(b) = b**3 - 14*b**2 + 16*b + 5. Let p be j(13). Calculate the highest common divisor of 11 and p.
11
Let k = -79 - -144. Calculate the highest common divisor of 13 and k.
13
Suppose z - 7*k + 2*k = 25, 4*k = -16. Suppose -3*f = -z*f + 172. Suppose 0*y + f = 2*t - y, 5*t + 4*y = 202. Calculate the greatest common factor of t and 28.
14
Let f be (2/(-4))/((-4)/48). Let t(b) = 3*b. Let g be t(9). Let a be (g/(-12))/(3/(-8)). What is the greatest common factor of f and a?
6
Let j be ((-2)/6)/(1/(-21)). Suppose 34 = u + y, 7*u - 2*u + 2*y - 173 = 0. What is the greatest common factor of j and u?
7
Let q = 1062 - 518. Suppose h - q = -3*h. Calculate the highest common factor of 17 and h.
17
Let t be 3*(2 - -69) + -1. Suppose 0 = -4*z + t + 108. Calculate the greatest common divisor of 10 and z.
10
Let j be ((-346)/(-6))/((-4)/(-12)). Let m = j - 93. Calculate the greatest common factor of 16 and m.
16
Let f = 246 - 119. Suppose 3*c = f + 143. Calculate the greatest common factor of c and 10.
10
Let f(o) = o**2 + 12*o + 57. Let p be f(-13). What is the highest common factor of p and 105?
35
Let n be 6/(-4) - (-495)/6. Let a = n - 44. Calculate the highest common factor of 37 and a.
37
Suppose 0 = -3*b + 21 + 174. What is the highest common factor of 26 and b?
13
Let i be 4/3*(-21)/(-2). Suppose b + i - 64 = -t, 4*b - t = 225. Calculate the greatest common divisor of 22 and b.
11
Let f(x) = -x**3 + 6*x**2 + 9*x - 12. Let i be f(7). Suppose 2*p = -2*y + 14 + 28, i*y + 84 = 4*p. Calculate the highest common divisor of p and 14.
7
Suppose 20 + 94 = 3*g - 2*o, o = 3. What is the highest common divisor of g and 280?
40
Suppose -5*k = 21 - 1. Let b(g) = -3*g + 1. Let l be b(k). Calculate the highest common divisor of l and 26.
13
Let m(n) = -9*n. Let k be m(-6). Let x = k + -75. Let c = -5 - x. Calculate the highest common factor of c and 16.
16
Let m(x) be the second derivative of 7/2*x**2 + 1/6*x**3 + 0 + x. Let s be m(-5). Calculate the greatest common divisor of s and 14.
2
Let n be 15/(2*-3*6/(-24)). Let r be (-2)/(-2 - 18/(-10)). Calculate the greatest common factor of n and r.
10
Let w(n) = n + 26. Let d be w(-22). Suppose -3*j - 6 = -j. Let o = d - j. Calculate the highest common factor of 28 and o.
7
Suppose -t = -0*t. Suppose w - 23 = -t*w. Let q = w + -14. What is the greatest common divisor of q and 27?
9
Let f be (-1)/(0 + -1) - -19. Suppose 3*m + 3*m = 24. What is the greatest common divisor of m and f?
4
Let w be ((-12)/(-9))/((-1)/(-3)). Let z(r) = -r**3 - 5*r**2 + 4. Let s be z(-5). What is the highest common divisor of s and w?
4
Let j(k) = 14*k**2 - 5*k - 3. Let t be j(-3). Suppose 0 = -3*f + t + 27. What is the greatest common factor of 11 and f?
11
Suppose -3*s + 67 = -0*s - 4*r, 0 = 2*r + 8. What is the highest common factor of s and 17?
17
Let k(v) = -11*v + 70. Let s be k(6). What is the greatest common factor of s and 1?
1
Let p = 3 + -6. Let l(a) = -a**2 - a + 4. Let r be l(p). Let s be ((-3